atest common factor of 2586400 and 448592?
848
Calculate the greatest common factor of 1439121 and 1084128.
1473
Calculate the greatest common divisor of 76483 and 38104.
11
What is the highest common divisor of 14820 and 179322?
1482
What is the highest common factor of 329108120 and 108680?
8360
What is the greatest common factor of 783265 and 69335?
245
What is the highest common factor of 4231905 and 30?
15
Calculate the greatest common divisor of 626 and 35611.
1
What is the greatest common divisor of 1641688 and 200?
8
Calculate the highest common factor of 2618 and 809149.
187
Calculate the highest common factor of 251937 and 65457.
63
What is the highest common divisor of 41547 and 64383?
33
What is the highest common divisor of 361160 and 360?
40
Calculate the greatest common factor of 777 and 12105408.
21
Calculate the highest common divisor of 5554860 and 4740.
60
What is the greatest common divisor of 6222 and 27013850?
2074
Calculate the greatest common factor of 9679650 and 166380.
1410
What is the greatest common factor of 51732587 and 11721?
3907
What is the highest common factor of 4992 and 368028?
12
Calculate the highest common divisor of 107519745 and 90.
15
Calculate the greatest common divisor of 15 and 21079720.
5
What is the highest common factor of 505654245 and 15?
15
What is the highest common divisor of 128 and 554796?
4
Calculate the greatest common factor of 1498 and 247219862.
214
What is the greatest common factor of 459600 and 163600?
400
Calculate the highest common divisor of 224499 and 583.
11
What is the highest common factor of 134704 and 47792?
16
What is the greatest common divisor of 1813 and 4538272?
37
What is the greatest common factor of 4515 and 864687?
129
What is the greatest common factor of 244526 and 6?
2
What is the greatest common divisor of 5064853 and 46?
23
What is the greatest common divisor of 344 and 45487636?
172
What is the greatest common factor of 12065 and 14253845?
635
What is the greatest common divisor of 1515304 and 182?
14
What is the highest common divisor of 7359 and 77605?
11
Calculate the highest common divisor of 2 and 316776040.
2
What is the highest common factor of 9316 and 91222?
34
Calculate the greatest common factor of 7693 and 72617524.
1099
What is the highest common factor of 80 and 7757840?
80
Calculate the greatest common divisor of 1583 and 947180135.
1583
What is the highest common divisor of 1300 and 3179280?
260
What is the greatest common factor of 56810 and 2313820?
190
Calculate the highest common divisor of 27278 and 2141530.
46
Calculate the highest common factor of 24 and 23456712.
24
What is the highest common divisor of 375907247 and 215?
43
Calculate the greatest common factor of 132228 and 425124.
36
What is the greatest common factor of 8169 and 45371793?
1167
Calculate the greatest common divisor of 114 and 301817679.
57
What is the highest common factor of 21744 and 48036?
12
Calculate the greatest common factor of 21 and 231383852.
7
Calculate the greatest common factor of 2340 and 1624545.
585
Calculate the highest common factor of 3210 and 276483720.
3210
What is the highest common factor of 1448602 and 13914?
1546
What is the greatest common divisor of 1838344 and 191992?
824
What is the highest common factor of 577 and 46791238?
577
What is the greatest common divisor of 128896 and 120688?
304
What is the highest common factor of 2504831 and 7?
7
What is the greatest common divisor of 46243584 and 73728?
2304
What is the highest common factor of 105881 and 7594385?
937
Calculate the greatest common divisor of 16975 and 31675.
175
What is the greatest common factor of 1091525 and 175?
25
What is the greatest common factor of 9087070 and 25530?
230
Calculate the greatest common factor of 1260 and 3129630.
210
Calculate the greatest common divisor of 1980 and 44968.
44
Calculate the greatest common factor of 240706 and 30617014.
3946
Calculate the greatest common factor of 138 and 32515629.
69
Calculate the greatest common divisor of 1642 and 182605999.
821
What is the highest common factor of 2500 and 17273500?
500
What is the highest common divisor of 38 and 87975662?
38
What is the highest common divisor of 670 and 3216?
134
Calculate the greatest common divisor of 101390 and 18880.
10
What is the greatest common factor of 16401 and 4611663?
1491
What is the greatest common factor of 597480234 and 156?
78
Calculate the highest common divisor of 330165 and 472945.
55
Calculate the highest common factor of 6347980720 and 16.
16
Calculate the highest common divisor of 17417770 and 43686.
1618
What is the highest common divisor of 2064 and 52962192?
48
Calculate the greatest common divisor of 65557222 and 89.
89
Calculate the greatest common divisor of 3631952 and 14534.
86
Calculate the highest common factor of 22390973 and 1538.
769
Calculate the greatest common factor of 2996604 and 42978.
1482
What is the greatest common divisor of 19600 and 438252080?
3920
What is the highest common divisor of 2553109 and 1939?
277
What is the greatest common factor of 374051659 and 831?
277
What is the greatest common factor of 18741660 and 18060?
420
Calculate the greatest common divisor of 35340 and 3968.
124
Calculate the greatest common divisor of 27864 and 327240.
648
Calculate the greatest common factor of 2165887 and 184.
23
Calculate the highest common divisor of 13971035 and 3315.
65
Calculate the highest common divisor of 101856 and 136768.
32
What is the greatest common divisor of 786247 and 1232?
77
What is the greatest common factor of 26849880 and 140?
20
Calculate the greatest common factor of 4330 and 2298860.
10
Calculate the greatest common divisor of 2999551 and 158.
79
What is the highest common divisor of 479301 and 367383?
2433
Calculate the greatest common divisor of 299 and 5044.
13
What is the highest common divisor of 77829948 and 812?
28
What is the greatest common divisor of 148766805 and 15?
15
What is the greatest common factor of 191235 and 615?
15
What is the highest common divisor of 2327984 and 32?
16
Calculate the greatest common divisor of 705215 and 1015.
35
Calculate the highest common divisor of 2239592 and 224.
8
What is the highest common factor of 48 and 3040352?
16
Calculate the highest common factor of 5072 and 40928504.
2536
What is the highest common divisor of 362518 and 514358?
1898
What is the greatest common factor of 5664 and 13041360?
2832
Calculate the highest common factor of 2572105 and 47023.
59
Calculate the highest common factor of 134281680 and 26.
26
Calculate the greatest common factor of 56301 and 8816277.
1149
Calculate the highest common divisor of 1267 and 449086159.
181
Calculate the greatest common factor of 64540828 and 28688.
7172
What is the highest common divisor of 165 and 14130985?
55
What is the greatest common divisor of 61054 and 173215?
343
Calculate the greatest common divisor of 31600 and 9443300.
100
Calculate the highest common divisor of 48 and 10957712.
16
Calculate the highest common divisor of 1215 and 3609765.
1215
Calculate the highest common divisor of 6817 and 8491576.
401
Calculate the greatest common divisor of 135561 and 27597.
3
Calculate the highest common factor of 2458 and 32799552.
2458
Calculate the highest common divisor of 4191 and 258753.
33
What is the highest common divisor of 3854 and 366458?
82
Calculate the highest common divisor of 151200 and 166768.
112
What is the highest common divisor of 60572 and 147040124?
3188
Calculate the greatest common factor of 140 and 42835540.
20
Calculate the highest common divisor of 20668829 and 2768.
173
What is the highest common factor of 10309 and 5753215?
793
Calculate the highest common divisor of 1242094 and 434.
14
Calculate the greatest common factor of 5616 and 868176.
144
Calculate the greatest common factor of 217466448 and 36.
12
What is the highest common divisor of 244 and 2449943?
61
Calculate the highest common factor of 21740 and 20180.
20
Calculate the highest common divisor of 77 and 189085589.
77
What is the highest common factor of 168 and 3710208?
24
Calculate the highest common factor of 3700 and 43300175.
925
Calculate the greatest common divisor of 105625 and 400075.
325
Calculate th